10304. What is the tens digit of t(131)?
8
Let p = 154 - 81. Suppose 0 = -11*a - p - 235. Let l = 90 - a. What is the tens digit of l?
1
What is the ten thousands digit of ((-3)/12*-8)/(((-21)/(-7))/19563)?
1
Suppose -50*m + 54*m = -4, -5*f - 9583 = 3*m. Let d = f + 3096. What is the hundreds digit of d?
1
Suppose -23*b - 5288 = -25*b - 4*x, -4*b - 3*x = -10606. What is the thousands digit of b?
2
Let d be 3 - (-8)/(-24)*(0 - 3). Let k = d - -86. What is the tens digit of k?
9
What is the tens digit of 29/((-348)/(-60)) - -145*1?
5
Let b(u) = 3*u**2 - 74*u + 2. What is the ten thousands digit of b(-53)?
1
Suppose -2*c + c - 4*p + 3 = 0, -4*c + p = -12. Let r be (-4 - -2)/(-1) - 0. Suppose -3*n + 172 = -3*f - r*f, -c*f = 5*n - 230. What is the units digit of n?
9
What is the hundreds digit of (-78)/130 + 313590/25?
5
Let x = 46 + -51. Let s be 4/(-6) - (1637/(-3) - x). Let p = s - 321. What is the hundreds digit of p?
2
Suppose -13*c - 9*c + 7*c = -199515. What is the units digit of c?
1
Suppose -o = -2*b - 7, 3*b + 6 = -3*o - 9. What is the hundreds digit of (-9)/15 + o + 3656/10?
3
Suppose -o - 11*h + 8*h = -88, -o + h + 100 = 0. Let l = 530 + o. What is the hundreds digit of l?
6
Suppose 1222*k - 1245*k + 398820 = 0. What is the thousands digit of k?
7
What is the hundreds digit of (-2)/10 - (-6102702)/435?
0
Let b = 679 - 555. What is the tens digit of (b/(-155))/((-4)/6270)?
5
What is the thousands digit of 17/((-442)/(-76089))*14?
0
Let v = 57 + -55. Suppose -b + 645 = -2*f - 440, v*b + f = 2170. Suppose -1067 = -4*p - 3*h, -4*p + 6*h + b = 3*h. What is the units digit of p?
9
Let y = 1491 + -861. Let d = y + -247. What is the units digit of d?
3
Let f = -255 - -353. Suppose -4*w + f = h - 238, 646 = 2*h - 5*w. What is the hundreds digit of h?
3
What is the hundreds digit of 6 + (366/15)/(36/9990)?
7
Let z(w) = w + 24. Let n be z(-14). Let i(x) = 5*x**2 - 20*x + 24. Let v be i(n). Suppose k + 2*b = -3*k + 280, 4*b + v = 5*k. What is the units digit of k?
8
Suppose -b + 0*a - 4*a + 88 = 0, 298 = 3*b - 5*a. Let x = -64 + b. What is the units digit of x?
2
Suppose -33*o - 4*o = -107818. What is the hundreds digit of o?
9
Suppose -4*b - 174 = 14. Let p(j) = -j**2 - 12*j + 6. Let a be p(8). Let f = b - a. What is the tens digit of f?
0
Suppose -18*z + 13*z = -60. Suppose 38*a + z = 37*a. What is the tens digit of (a/6 - (0 + -1))*-20?
2
Let c(y) = 291*y + 577. What is the hundreds digit of c(28)?
7
Let j = 46897 - 21898. What is the tens digit of j?
9
Let w(y) = y**3 + 9*y**2 - y + 15. Suppose -4*m - l = -518, 0 = 4*m + 6*l - 2*l - 512. Suppose -m = i - 123. What is the hundreds digit of w(i)?
1
Suppose -5*q + 55 = -2*u, u - 11 = 2*q - 36. Let i(h) = -2*h**3 - 26*h**2 + 19*h + 12. What is the units digit of i(u)?
7
Suppose -33 = -5*z - 13. Suppose -10 = 2*k, z*k = 2*f - 5*f + 16. Suppose 0 = f*b - 221 - 511. What is the units digit of b?
1
Suppose -266*d = -6078615 - 7039441. What is the hundreds digit of d?
3
Let b = 268 - -407. Let s = -345 + b. What is the tens digit of s?
3
Let t be (0 - -9)/3 + 0. Suppose 0*i - 366 = -4*i + 2*f, 3*i - t*f = 279. Suppose -313 - 31 = -4*p + 4*z, 3*z - i = -p. What is the tens digit of p?
8
Let o be 5/2*(9 + 7 - -4). Let b = o - 42. What is the tens digit of (4/(-3))/(b/(-228))?
3
Let o(h) = 4*h**2 + 131*h + 780. What is the tens digit of o(-98)?
5
Suppose 9*v = 12*v + 9. What is the hundreds digit of (-596)/v*((-9)/(-18) - -1)?
2
What is the units digit of (-754)/(-8 - (-434)/56)?
6
Let i(f) = 7653 + 6*f**3 - 7572 - 5*f**3 - 35*f + 28*f**2. What is the thousands digit of i(-28)?
1
Suppose 5*s = -4*n + 14545, -5*s + 6*s - 5*n = 2909. What is the units digit of s?
9
Let j(g) = g**3 + 14*g**2 - 13*g + 27. Let a be j(-15). Let s(y) = -25*y**3 + 4*y**2 + 3*y - 13. What is the units digit of s(a)?
9
Let p(y) = y**2 + 10*y - 19. Let m(k) = -5*k + 10. Let n(u) = 10*m(u) + 4*p(u). Let x be n(7). Suppose 0 = -14*r + 4*r + x. What is the units digit of r?
5
What is the thousands digit of ((-49850)/(-15))/(15/18)?
3
Suppose 0 = -2*l + 4*a + 30, 0*a + 95 = 4*l - a. Suppose 0 = -l*n + 31*n - 2382. What is the tens digit of n?
9
Let f be ((-6)/(-15))/((-6)/(-240)). Suppose -120 = -f*u + 14*u. What is the units digit of u?
0
Let w be (28/77)/(2/11). Suppose -4 = w*q, -q + 477 = f + 4*q. What is the hundreds digit of f?
4
Let a(g) = g**3 + 66*g**2 + 65*g - 146. What is the tens digit of a(-30)?
0
Let v = 20376 + -4322. What is the units digit of v?
4
Suppose -177*c + 172*c - 136180 = -5*p, 2*p = 5*c + 54490. What is the hundreds digit of p?
2
Let v = 17598 + -9164. What is the units digit of v?
4
Let c(l) = -128*l**3 + 2*l**2 + l - 129. What is the thousands digit of c(-5)?
5
Suppose 14*q - 5 + 33 = 0. What is the tens digit of 0 + -1 + (36 - 0 - q)?
3
Suppose 152*v - 154*v + 4 = 0. Suppose -1602 = -4*r + 2*d, -r - d = v*d - 411. Suppose -r = 11*u - 17*u. What is the units digit of u?
7
Suppose 16*l = 4*l. Suppose l = -n + 3*n + 174. Let i = n - -131. What is the units digit of i?
4
Suppose 7*r - 24 = 5*r. Suppose 4*d + 2*z = r, d - 5*z - 6 - 8 = 0. What is the units digit of d?
4
Suppose 5*z = 9*z - 4904. Suppose h - 367 = -c, 117 = -3*c + 5*h + z. What is the tens digit of c?
6
Suppose -2*z = -4*c + 16892, -230*c - 21114 = -235*c + 3*z. What is the hundreds digit of c?
2
What is the ten thousands digit of 8*(1 - ((-2127)/(-2) - -2))*-3?
2
Suppose -3*u + 5*t = -6*u + 40, -4*u + 2*t + 36 = 0. Let v(f) = -3*f + 30. Let y be v(u). Suppose 2*a - 99 - 11 = y. What is the units digit of a?
5
Suppose -67*a = -568712 - 374045. What is the tens digit of a?
7
Suppose 4*z + 9*b - 32514 = 10*b, 4*b + 8 = 0. What is the hundreds digit of z?
1
Let s(i) = 1144*i + 427. What is the units digit of s(7)?
5
Suppose -j + w = 3*j - 13, -35 = -5*j - 5*w. Suppose -j*g + 5*c = 265 - 1958, g - 412 = 5*c. What is the hundreds digit of g?
4
Let c be (-7 - -8)/((-2)/(-4)). Suppose 3*p + 20 = -c*h, 2*p + 4*h + 12 = 3*p. What is the units digit of p/18 + (-4 - (-1268)/36)?
1
Let y = 1846 + -3858. What is the tens digit of y/(-3) + 108/81 + -4?
6
Let u(d) = 3*d + 92. Let g be u(-10). Let b = g - -180. What is the hundreds digit of b?
2
Let i(l) = 61*l**3 - 4*l**2 - 15*l - 3. What is the units digit of i(5)?
7
Let o = 185 - 72. Suppose 2*n - 525 = o. What is the units digit of n?
9
Let a = -1 - -6. Let p(x) = -2*x**2 - 10*x - 2. Let d(i) = 2*i**2 + 11*i + 3. Let r(j) = -3*d(j) - 4*p(j). What is the units digit of r(a)?
4
Let c(n) = 64*n**3 - 214*n**2 - n + 23. What is the tens digit of c(5)?
6
Let x(p) = 529*p + 2. Let i be x(-1). Let r = -330 - i. What is the hundreds digit of r?
1
Let i(u) = u**3 + u**2 - u. Let r(d) = 5*d**3 - 7*d**3 + 38 - 28*d**2 + 2*d**3 - d**3 + 6*d. Let n(s) = 2*i(s) + r(s). What is the hundreds digit of n(26)?
1
Let x(k) = 93*k + 38 + 82*k + 1 - 182*k. What is the tens digit of x(-26)?
2
Suppose -4 + 9 = -f. Let b be 0 - (f + 5 + 788). What is the units digit of 8/(-16)*b/(1 + 1)?
7
Let w = 500 + -494. Suppose -w*v + 3085 = -761. What is the units digit of v?
1
Let k be 12/16*(-40)/(-6). Suppose -3*p = -3*m - 651, 0*m + k*m = -3*p + 651. Let w = p + -127. What is the units digit of w?
0
Let c(z) = 13*z + 19 - 28 + 18. Let i be c(6). Suppose -3*r - d + 259 = 0, -i - 103 = -2*r - 5*d. What is the tens digit of r?
8
Let t(w) = -33*w + 64*w + 3*w**2 - 2*w**2 - 25*w - 17. Let j be t(5). Suppose -f - 3*o = -j, -231 - 1 = -5*f - o. What is the units digit of f?
7
Let z = 11264 + 4387. What is the hundreds digit of z?
6
Let u(l) = -6133*l**3 + 5*l**2 + 66*l + 138. What is the thousands digit of u(-2)?
9
Let v be (-3 + (-105)/(-10))/(6/8). Let k be (156/v)/(7/140*4). Suppose 3*z - 6 = k. What is the tens digit of z?
2
Suppose -6*t + 3*t + 3 = 3*k, 2*k = 4*t - 16. What is the units digit of k - -5 - -722 - 3?
2
Suppose -f = 3*p - 41062, f = p - 7*p + 82123. What is the hundreds digit of p?
6
Suppose 4*w - 4*v = 4, -5*w + 2*v + 7 = -7. Let r be 1/(w/(-9456)*-4). Suppose 2074 = 13*c - r. What is the hundreds digit of c?
2
Let y be (12/(-15))/(-1 - (-18)/15). Let o be -3 + 1/1 + y. What is the tens digit of (-3)/(o/134) - (11 + -12)?
6
Let b = 163 - 160. What is the hundreds digit of ((-6)/10)/b + 8040/75?
1
Suppose -251*r + 2505077 = -